valuate 7 + -6 - (42 + 7 + 8 + -10 + -2).
-44
86 - (11 + 2 + -4 - (-29 - (3 - 32)))
77
Calculate -7 - 8 - -28 - 99.
-86
Evaluate 39 + -95 + -24 + 31.
-49
What is the value of 185 + (-4 - (163 + -106))?
124
Calculate (11 - 10) + 13 - (47 + -58).
25
Evaluate (43 + 2 + -61 - (-1 - 15)) + -9.
-9
What is -3 + -17 + -25 + -31 + 37?
-39
-1 + -21 - (-32 + 25 + 29 + -9)
-35
-1 - ((7 - -2) + -2) - (76 - -4) - -11
-77
What is 9 - (5 + 2 + (-5 - -2 - -78))?
-73
What is the value of 40 + (-19 + -15 - -27)?
33
What is -121 - -44 - -99 - ((-2 - -8) + -3 - -1)?
18
Calculate (-3 - 12) + -101 + 106 - 98.
-108
Calculate 16 + -145 + 12 - (-87 + 57).
-87
Calculate (-47 - (9 + -16)) + -23 + 33.
-30
Evaluate (-27 - -9 - 4) + 155 + -186.
-53
What is 20 + -42 + (23 - -22) - (-10 - -1)?
32
Calculate -4 - -15 - 12 - (-17 + 8 + -10).
18
What is the value of 2 - (5 - 14 - (12 - 14) - (0 + 2))?
11
What is the value of 6 - (1 + 6 + 47)?
-48
24 + -41 + (-6 - -14) + -37
-46
What is 6 + -4 + 7 + (17 - (2 + (2 - -3)))?
19
What is the value of 34 + 53 + -99 + 39?
27
Evaluate (8 - ((-1 - 5) + 3)) + (-89 - -95).
17
What is the value of 84 + (-50 + -170 - -66)?
-70
(-17 - (8 - 28)) + -5 + 24
22
Evaluate -56 - -1 - (94 - 115 - (3 - 1 - 19)).
-51
What is the value of -5 + (230 - 121) + (14 - -2)?
120
7 + -41 + -21 + -5 + 15 + (-2 - -8)
-39
237 + (29 - 188) - 25
53
What is (111 - (38 - -31)) + -104?
-62
What is the value of 42 - ((13 + -9 - 7) + 1 - -19)?
25
What is the value of ((-38 - -70) + (-3 - 23) - (-8 - 1)) + -10?
5
What is -3 - 33 - (-122 + 191 + -46)?
-59
What is (-189 - (-1 + -163)) + (-3 + 16 - 2)?
-14
Evaluate 4 + (38 - (14 - 12)) - (10 + (4 - 4)).
30
What is the value of 1 - (-1 + 0 + 56 + (-9 - 1))?
-44
2 + 22 - ((1 - 1) + 1 + 6)
17
What is 3 + 19 - (-3 + 13 - (11 - (-10 - -2)))?
31
What is the value of -137 + (111 - 101 - -48)?
-79
What is the value of 53 - (-100 - (-52 - 6))?
95
What is (-18 - 1 - (566 - 580)) + (-2 - -5)?
-2
0 + (30 - 55) + 69
44
What is 522 - 513 - ((-1 - -2) + (28 - 5))?
-15
Evaluate -27 + (0 - 1) + -11243 + 11317.
46
What is the value of -21 + 13 + 51 + -22?
21
Calculate 13 - 49 - (-12 - (-11 - 2 - -2)).
-35
Evaluate 22 - (4 + (16 - 14 - -6 - 7)).
17
Evaluate -27 - (9 + 5 + -15 - 14).
-12
What is 20 - 13 - (0 + 8 + (36 - 33)) - -11?
7
What is the value of -5 + (53 - 39) - (1 + -4 + -14)?
26
Evaluate -71 - (63 - 204) - (-24 + 1).
93
(6 - 6) + 13 + -20 + 13
6
What is the value of 32 + (120 - 116 - (8 + 9 + (-12 - -6)))?
25
-1 - (-67 + 85 - 94)
75
What is the value of 59 + -59 + 103 + -45?
58
Calculate 2532 - 2469 - (20 - -4).
39
What is -27 - (-19 - -51 - 14 - 12)?
-33
Evaluate 1 + -39 + 4 + 22 + 54 + -13 + -66.
-37
What is (29 - (-136 - -63)) + -4 + -44?
54
What is -6 + -2 + -4 + 48 + -33 + 7 - -141?
151
What is (42 - (41 - -18)) + 30?
13
Calculate -50 + 43 + (35 - 29 - (-16 - 1)).
16
What is the value of ((-75 - -9) + -5 - (7 - 21)) + 6?
-51
39 - ((32 - 12) + 7) - (48 + 1)
-37
Evaluate (10 - (6 - 8)) + -89 + 142.
65
Calculate (3 + -36 - 4) + 248 + -244.
-33
Evaluate (3 - (-7 - -13)) + (12 - (-2 - 36)).
47
Calculate 38 - 68 - (-2 + (15 - 13)).
-30
What is -28 - (17 + (-26 + 5 - -17))?
-41
What is the value of 49 + -50 + (42 - (21 + -8))?
28
What is the value of (-7 - (65 + (1 - 3) + 6) - 2) + -6?
-84
What is (-64 + 22 - -81) + 12 + -51?
0
(3 - 1 - -35) + (1229 - 1200)
66
Evaluate (-168 - -94) + 94 + 69 + 0 + 1.
90
What is 0 - (-3 + (12 - -5) + -18)?
4
What is the value of -36 - (12 - (24 + -5))?
-29
Calculate -134 + -101 - -141 - -168.
74
What is the value of (-285 - -302) + (-1 - 62)?
-46
(1 - -2) + 43 + -37 - (-1 - 40)
50
Evaluate 6 - (-36 + 7) - (6 - -6) - (-3 - 1).
27
Calculate -112 - (-5 + 6) - (-20 - 3 - (-17 + 7)).
-100
What is -20 - (-54 + 15 - -4) - (-14 + 102)?
-73
What is the value of -27 + 42 + 29 - 44?
0
What is -4 - (-10 + 1) - (-48 + (24 - 9))?
38
Calculate (384 - 798) + 527 + -35 + -1.
77
Evaluate -56 + (142 - 10) + -45.
31
-1 + 38 - (260 + (-141 - 84))
2
What is 11 + (4 - (-1 + 8)) + -2?
6
5 - -2 - (-262 + 218 + -1 + -9)
61
What is -53 + 64 + (1 - -1) - (3 + -11 + 10)?
11
Evaluate -53 - (-46 - -11) - (10 - 22).
-6
Evaluate 10 - ((-14 - -21 - -66 - 6) + 4 + -16).
-45
Calculate 3 + (2 - 3) + -10 + -12 + 71.
51
Evaluate 6 + -9 - 11 - -20 - (4 + 25 - 1).
-22
What is (-3 + -21 + -89 - -32) + (0 - -15)?
-66
Calculate 1 + -16 + (1 - (-6 - (6 - 4)) - 1).
-7
What is the value of (-28 - -9 - 31) + 54?
4
Evaluate (-12 - (77 + -27)) + 1.
-61
What is the value of -49 + 14 + -3 - -11?
-27
What is 175 + -158 - (-37 + (-7 - -14))?
47
What is the value of 65 + -11 - 44 - -17?
27
What is (-1 - -1) + -241 + (-51 - -157)?
-135
Calculate 10 - -1 - (74 + -31 + (-7 - -38)).
-63
What is 16 - 4 - -42 - (40 + -39)?
53
What is the value of (252 - 280) + -2 + 50?
20
What is (8 + 0 - (29 + -88)) + 8 + (-1 - -10)?
84
Calculate (53 - 72) + -16 + 9 + -4.
-30
What is the value of (2 - 48 - (-15 + -8 + 16)) + 8 + -8?
-39
What is the value of -72 + 41 + -51 + 55?
-27
What is -12 - ((86 - -2) + (31 - 41 - 10))?
-80
What is (15 - -2) + (22 - 26) + 8?
21
-28 - ((25 - (4 + 11)) + -23)
-15
Calculate -6 + 6 - (40 + (-14 - 14)) - (-3 + -31).
22
Evaluate (65 - 42) + -25 + 46.
44
What is -2 + -3 + -5 + (-704 - -676)?
-38
Evaluate 196 - (-57 - -28 - -94) - (24 - 1).
108
Calculate -1500 + 1497 - (8 - (3 + -5)).
-13
-25 + 3 + (-7 - -8 - -15) + -51
-57
What is (225 - (278 - 63)) + (-1 - (-1 + 0 + 6))?
4
(-37 - 29) + 52 + (-1 - -20)
5
What is the value of 12 - (1 + 0) - (-2409 - -2402) - 102?
-84
What is 34 + -129 - (58 + -20)?
-133
What is -23 - (-6 + (-23 - -2) - -12)?
-8
(92 - 100) + -18 + -64
-90
What is the value of -6 + -17 + 45 + -18 + -32 + -18?
-46
Evaluate 8 - ((25 - 29) + -9 - (13 + 1)).
35
Calculate -13 + (-7 - -26 - -3) + 24 + -11.
22
What is 11 + (3 - 6) + 16 - (7 + (22 - 22))?
17
-214 + (52 - 152 - -199)
-115
Evaluate 17 + -37 + 4 + (-15 - -48).
17
Calculate 15 + -67 + 2 + 37 + -20.
-33
Calculate -8 + -10 + 31 - (-1 + -2 - 6) - -4.
26
Calculate (22 - (2 - -1)) + (428 - 397).
50
Evaluate 2 + -42 + (335 - 311) + 78.
62
Evaluate (113 - 138) + (88 - 76) + -23 + 2.
-34
What is (2 - 2) + ((-17 - (8 + -39)) + 48 - -10)?
72
Evaluate (283 - 304) + (1 - -14) - 105 - -21.
-90
What is -72 + 100 - (-10 + 44)?
-6
What is the value of (-11 - -3) + -20 + 1 + 3 + 12?
-12
What is the value of 221 + -172 - (-6 + 93)?
-38
Evaluate -40 + -45 + -40 + 89.
-36
Calculate -1 + -37 - (-3297 + 3256).
3
-89 + 67 + 39 + -77
-60
What is the value of -18 + -11 + 41 + -13 + (0 - 7) + -40?
-48
Calculate 10 + (-8 - (-3 + 13)) - -6 - -16.
14
-49 + -10 + -1 + 21 + -20 + -14 + 14
-59
Calculate -14 - -14 - (24 - (21 + 12)).
9
What is the value of 149 + (18 - -72) + -93?
146
Evaluate 46 + (-5 + 11 + -3 - (-15 + 16 - -11)).
37
What is the value of 2 + (-29 - 3 - (-83 + 100))?
-47
Evaluate 99 + 30 + -41 + -18.
70
What is the value of -4 - 78 - (35 - 18 - -9 - 19)?
-89
What is 80 + -64 - (-4 + -9 + (-22 - -25))?
26
What is the value of 72 + (-1 + -6 - (361 + -345))?
49
Calculate 78 + 35 + (-81 - -45).
77
-18 - (-7 + (43 - 100))
46
What is (52 - -16 - 57) + -63?
-52
What is the value of (-1 - 21 - 2) + -1529 + 1561?
8
Evaluate (-5 - (-6 + (13 - 7)) - -5) + -17.
-17
What is the value of -25 + (13 - (-4 + -4 + 28 + -14))?
-18
Calculate (-45 - -38) + 11 + 2 + -6 - 28.
-28
What is 38 + -57 + 4 - -27?
12
138 + 19 + (4 - 13 - 6) + -23
119
857 + -861 + (22 - 3)
15
Evaluate (-9 - 0) + -39 + 21 - -86.
59
What is -27 + (-6 - -27) + -3?
-9
Evaluate (31 - 30 - (0 - 1)) + (46 - (29 + -61)).
80
Evaluate 36 + (33 + -33 + 9 - (0 - 7)).
52
What is (7 - (-4 - -3)) + -23 + (-4 + -6 - -7)?
-18
(0 - 11) + 14 + (-13 - 2) - 7
-19
16 + (6 - (-14 + 14) - 9)
13
What is the value of (57 - 43) + 4 + (-7 - 39)?
-28
Calculate -12 + -6 + (-6 - -6) + 0 + -64.
-82
What is the value of -59 + 20 + (-5 - 21) + (-1 - -9)?
-57
What is 46 + -63 - (-3 + -8 + 5)?
-11
What is the value of 31 + 32 + 10 + 3?
76
256 - 286 - (-57 - -2)
25
Calculate (12 - -6 - 60) + 31 + -11.
-22
What is -26 + (-21 - (-106 + 108))?
-49
What is (27 - (5 + (-31 - -39))) + 1 + 15?
30
What is the value of 2 + 79 + -22 + 10 - 16?
53
What is 5 - (12 + 6 + -25) - 20 - -107?
99
Calculate 15 + -57 + 14 + -3.
-31
Calculate (7 - 4 - (48 - 47) - 5) + -4.
-7
4 + (18 - (9 + 3 - 1